et v(h) = 2*h**2 - 9*h - 15. Let j(y) = 3*y**2 - 9*y - 16. Let k(c) = -3*j(c) + 4*v(c). Let b be k(-7). Let d(a) = -b + 6 - 11 - a. Give d(-6).
-1
Let n(i) = i**3 - 6*i**2 - i - 1. Suppose 62*m + 30 = 67*m. Suppose m*o - 18 = 3*o. Determine n(o).
-7
Let v(b) = b**2 + 6*b - 3. Let l = -109 - -103. Let s be v(l). Let n(j) = -8*j + 1. Calculate n(s).
25
Let t(r) = r**2 + 1. Let w(m) = 4 + 2*m - 3*m - 3*m**2 + 13*m**2. Let o(u) = 5*t(u) - w(u). Determine o(-1).
-5
Let d(a) = -a**2 + 2*a. Let c(b) = 2*b**2 - 13*b + 11. Let x(g) = c(g) + 3*d(g). Determine x(-8).
3
Let l(y) = -y**3 - 5*y**2 - 5*y - 4. Let c(w) = -2*w**3 + 23*w**2 - 9*w - 2. Let s be c(11). Suppose 5*i = -z - s, -17 = 3*z - 2. Give l(i).
-7
Let x(v) = -v**2 + 5*v + 13. Let h be ((-14)/(-7))/(2/7 + 0). Give x(h).
-1
Let m(f) be the first derivative of -4*f + f**3 + 1/4*f**4 + 1/2*f**2 + 18. Calculate m(-3).
-7
Let q(h) be the first derivative of h**2 - 4*h - 2. Let s be q(3). Let l(f) = -f**2 + f. Calculate l(s).
-2
Let y(a) = 9*a + 1 + 8*a + a. Suppose 19*z = 21*z + 2. Give y(z).
-17
Suppose 169*b = 170*b. Let x(r) = 3*r - 16. Let u(i) = 13*i - 64. Let t(h) = -2*u(h) + 9*x(h). Calculate t(b).
-16
Suppose 375 = -41*x + 47. Let u(i) = i + 5. Give u(x).
-3
Suppose 3 = -5*m + 23. Let x(j) = -3*j**3 + 11*j**2 - 5. Let s(w) = w**3 - w**2. Let z(q) = m*s(q) + x(q). Determine z(-7).
-5
Let x(u) = -3*u**3 + 2 + 5802*u - 2*u**3 - 5794*u - 10*u**2 + 6*u**3. Determine x(9).
-7
Let h(q) be the second derivative of -q**4/6 + 3*q**3 - 11*q**2/2 - 15*q - 11. Determine h(8).
5
Let m be (6 - 0)*28/(-14). Let r(f) = f**2 + 10*f - 20. Give r(m).
4
Let t = -59 + 63. Let u(l) = -5*l + 6*l + 5*l**3 + 4*l**2 + 7 - t*l**3. Give u(-5).
-23
Suppose -2*w - 10 = 5*l, -6*w + 2*w = -l - 24. Suppose -2*c = -a - 7*c, 0 = -4*a - w*c + 15. Suppose 8 = 3*j + a. Let m(x) = 3*x. Calculate m(j).
3
Let v be 8/80 - ((-3645)/50)/(-9). Let x(l) = l + 22. What is x(v)?
14
Let h(o) = -9*o - 12. Let y(f) = -2*f - 1. Let r(u) = -h(u) + 4*y(u). Determine r(4).
12
Let l(f) = f - 3. Let d be l(5). Let x be 0*((-3)/d)/3. Let t(g) = g**3 - g**2 - 6. Calculate t(x).
-6
Let l(o) be the second derivative of -1/6*o**3 + 4*o + 0 + 0*o**2. Calculate l(3).
-3
Let m = 19 + -17. Let a(o) = m + 5 + o + 4. Calculate a(-6).
5
Let y(h) be the second derivative of h**3/2 - 3*h**2/2 - 7*h. Let f(v) = -4*v + 2. Let k(i) = 2*f(i) + 3*y(i). What is k(6)?
1
Let u(b) be the second derivative of -b**4/12 - 2*b**3/3 + 3*b**2 + b - 13. Calculate u(-5).
1
Let b(v) = 15*v - 34*v**2 + 25 + 3*v + 35*v**2. Calculate b(-17).
8
Let m(w) = 21*w - 20. Let a(b) = -79*b + 79. Let z(x) = 4*a(x) + 15*m(x). Let g be (-6)/(-3) + (5 - 0). Calculate z(g).
9
Let w(y) = -90 - 3*y - y**2 - 87 + 186. Determine w(-5).
-1
Let z = -147 - -148. Let n(k) be the third derivative of -k**2 + 0 + 1/6*k**3 + 3/8*k**4 + 0*k. Calculate n(z).
10
Suppose -21*b - 12 = -17*b + y, 22 = -3*b - 4*y. Let w(f) = f**2 + f. Determine w(b).
2
Suppose -5*q = r - 18, 41 = -3*r - 0*r + 4*q. Let l be 42/(-63)*(-19)/2*3. Let d(z) = -z**2 + 18*z - 6*z - l*z - 7 + 0. Give d(r).
-7
Let z(m) = -5 - 2*m**3 + 3*m**3 - 6*m**2 + m**3 - m**3. Let h be 1050/(-65) - (-2)/13. Let y = h + 22. Determine z(y).
-5
Let v(j) = j + 2. Suppose 0 = -2*s - 8. Let m be v(s). Let d(l) be the first derivative of 3*l**2 + 2*l - 10. Calculate d(m).
-10
Let w(q) = -7*q**3 + 15*q**2 - 17*q + 24. Let r(b) = -4*b**3 + 7*b**2 - 8*b + 12. Let t be (-1)/(((-3)/(-15))/(-1)). Let s(j) = t*r(j) - 3*w(j). What is s(9)?
6
Let u(y) = -3*y + 13. Let c be u(3). Let g(l) = l**2 - 5*l - 3. Determine g(c).
-7
Let i(w) be the third derivative of -w**9/60480 + w**7/5040 + w**6/120 - 13*w**5/20 + 2*w**2 + 19*w. Let x(z) be the third derivative of i(z). What is x(0)?
6
Suppose -13 + 18 = 5*k. Let q(c) = c**3 + c**2 - 3*c + 2. What is q(k)?
1
Let t(k) = 6*k - 26. Let h(o) = 12*o + 101. Let d be h(-8). Give t(d).
4
Let w be ((-210)/(-14) - 16)/((-2)/12). Let k(u) = u**3 - 5*u**2 + u - 2. Determine k(w).
40
Let k(u) = -4*u**2 - 2*u - 4. Let s(d) = -3*d**2 - d - 3. Let h(o) = 2*k(o) - 3*s(o). Let w(j) = j**2 - 4*j + 1. Let f be w(4). Give h(f).
1
Let g(v) = -12*v - 2 - v**3 - 22*v**2 - 3 + 12*v**2 + 2. What is g(-9)?
24
Let p(f) = f**3 - 5*f**2 - 7*f + 8. Let q = 9 - 0. Let l be (q - 5)*9/6. What is p(l)?
2
Suppose -496*d + 30 = -490*d. Let y(a) = 4*a - 6. Determine y(d).
14
Let n(b) = -b + 34. Let k(i) = -2*i + 62. Let q(y) = 3*k(y) - 5*n(y). What is q(7)?
9
Suppose -r + 1 = -u + 2*u, -5 = -3*u - r. Let o(j) be the first derivative of j**3/3 - j**2/2 - 4*j - 5. Let g(z) be the first derivative of o(z). What is g(u)?
3
Let l = -165 + 151. Let y(n) = 81 + 15*n - 140 + 77 + n**2. Calculate y(l).
4
Suppose 647 = 7*o + 605. Let f(n) = -n**2 + 6*n + 2. Determine f(o).
2
Let j(r) = -2 - 8 + 2 + 62*r - 63*r. Let q be 1 + -5 + -1 + -1. Calculate j(q).
-2
Let b = 4 + -10. Let h(z) be the first derivative of z**5/120 + 5*z**4/24 + 7*z**3/3 + 1. Let o(y) be the third derivative of h(y). Calculate o(b).
-1
Let b(l) = -68 - 66 + 131 - l. Let h be b(-10). Let j(u) = -u**2 + 6*u + 1. Determine j(h).
-6
Let w be (-6)/(-1 + (-4 - -3)). Suppose -w*k - 12 = -3*f, 0*k + 23 = 5*f - 4*k. Let h(p) = p**2 - 5*p - 10. What is h(f)?
4
Let u(z) = z**2 + 2*z - 39. Let s be u(5). Let w(n) = n - 2. Let m be w(4). Let o(p) = m*p + 6 - 16 + 7 + p**2. Calculate o(s).
5
Let i(b) be the first derivative of 5*b**2/2 + 3*b + 416. Let s(x) be the third derivative of x**4/24 - x**3/2 - x**2. Let v be s(0). What is i(v)?
-12
Let u(l) = -4*l + 1. Let m = 27 + -12. Suppose -6 - m = -3*v. Suppose 0 = -v*f + 3*f + 8. Calculate u(f).
-7
Suppose p - 71 = -4*p - 2*f, -4*p = -2*f - 64. Suppose -p = 2*k + 3*k. Let a(r) = 2 + 3 - 1 + 2*r. What is a(k)?
-2
Suppose 11*m + 3 = 14*m. Let k be (m - 1 - 1)*6. Let t(c) = -c - 4. What is t(k)?
2
Let d(m) = 3 + 2*m - 3*m - 5. Let l(r) = -r**3 + 7*r**2 + 9*r - 8. Let x be l(8). Suppose -5*w - 5 - 20 = x. Give d(w).
3
Let m be ((-9)/(-5))/(-4*(-6)/(-80)). Let z(h) = -h**2 - 4*h + 8. What is z(m)?
-4
Suppose 31 + 29 = 5*g. Suppose t + 3*t = g. Let c(b) = -3*b + 3 - b**2 + t*b. Determine c(0).
3
Let k(o) = -o**2 - 37*o + 31. Let f be k(-38). Let v(u) = u**2 + 5*u - 8. Calculate v(f).
6
Let k(p) = -32*p**2 - 11*p + 18. Let o(z) = 43*z**2 + 11*z - 18. Let m(h) = -4*k(h) - 3*o(h). What is m(10)?
-8
Let y be (924/330)/(-1 - (-3)/5). Let k(o) = o**3 + 8*o**2 + 7*o - 1. Give k(y).
-1
Let s(f) = -f**3 - 4*f**2 - 3*f - 1. Suppose 0 = 4*w + 3*w - 14. Suppose 0 = -w*m + 8*m. Suppose m = -v - 4 + 1. What is s(v)?
-1
Let f(b) be the second derivative of 0 + 1/2*b**2 - 1/6*b**3 - 7*b - 1/4*b**4. What is f(-2)?
-9
Let d be (-179 + 181)/(1 + (-6)/5). Let h(f) = -f**2 - 9*f + 7. Calculate h(d).
-3
Suppose 2*a + 1 = -a - 2*p, a - 1 = -p. Let r(l) = 9*l + 4. Let q(f) = -16*f - 7. Let t(u) = -6*q(u) - 11*r(u). What is t(a)?
7
Let o(a) = -6*a**3 - 2*a**2 + a. Let h be o(1). Let g(s) be the first derivative of s**4/4 + 2*s**3 - 5*s**2 - 10*s + 798. Determine g(h).
11
Let k(z) = -z**2 - 4*z - 3. Let g(o) = -o. Let a(y) = -5*g(y) + k(y). Let f(b) be the first derivative of a(b). Determine f(-3).
7
Let y be -1*(-1 + -1 + 0). Let d(w) = -w. Let f(j) = 14*j. Let u(t) = t**2 - 13*t - 13. Let k be u(-1). Let i(q) = k*f(q) + 12*d(q). Give i(y).
4
Let l = 25 - 18. Let c(b) = -6 - 2280*b + 1141*b + 1140*b. What is c(l)?
1
Let r(o) be the first derivative of -3/2*o**2 + 0*o - 1. Suppose 13*h + 66 = 79. What is r(h)?
-3
Let o = 3 - 49. Let z = -49 - o. Let u(r) = -4*r - 3. Determine u(z).
9
Let g = -8 + 5. Let z be g + 1/1 - -2. Let q(k) = k - 2 + 3*k - 5*k - 4. Determine q(z).
-6
Let z(s) be the first derivative of 6*s + 16 - 1/4*s**4 + s**2 - 4/3*s**3. Calculate z(-4).
-2
Suppose -5*k + 1 = -r, 3*r = 5*k + 8 - 11. Let t(h) be the second derivative of -3*h + k - 1/3*h**3 - 3/2*h**2. Calculate t(3).
-9
Let d = -259 + 261. Let t(i) = i**2 - 4. Give t(d).
0
Let y(c) be the second derivative of 4*c - 1/12*c**4 + 1/6*c**3 + 0 + c**2. What is y(-2)?
-4
Let s(d) = 1 + 3*d + 3 + d**2 - 1. Let j be s(-3). Let m(h) be the third derivative of -h**4/12 + 2*h**3/3 - 3*h**2 + 10. Determine m(j).
-2
Let k be 6/(-14) + (-6)/(-14). Suppose 5*g - 66 + 6 = k. Let w = 11 - g. Let u(d) = -9*d**3 + 2*d + 1. Determine u